113357 is divided by 3001.
2320
Calculate the remainder when 45620 is divided by 22731.
158
What is the remainder when 39547329 is divided by 478?
477
What is the remainder when 8995231 is divided by 4497591?
49
Calculate the remainder when 225548 is divided by 444.
440
What is the remainder when 6342318 is divided by 85?
43
What is the remainder when 4658291 is divided by 17?
2
Calculate the remainder when 9110125 is divided by 314142.
7
Calculate the remainder when 52988926 is divided by 9.
4
Calculate the remainder when 2821888 is divided by 2125.
2013
What is the remainder when 716874 is divided by 8?
2
What is the remainder when 128494 is divided by 21410?
34
What is the remainder when 508201 is divided by 539?
463
What is the remainder when 11221 is divided by 528?
133
What is the remainder when 4486583 is divided by 135957?
2
Calculate the remainder when 328021 is divided by 664.
5
Calculate the remainder when 183113 is divided by 3277.
2878
Calculate the remainder when 5955669 is divided by 18.
9
What is the remainder when 365767 is divided by 824?
735
What is the remainder when 257791 is divided by 2148?
31
What is the remainder when 835726 is divided by 119024?
2558
What is the remainder when 204549 is divided by 4173?
72
What is the remainder when 122503191 is divided by 6085?
6056
Calculate the remainder when 179267913 is divided by 44816978.
1
What is the remainder when 67670 is divided by 122?
82
What is the remainder when 2223239 is divided by 2223205?
34
Calculate the remainder when 332190 is divided by 166092.
6
Calculate the remainder when 90963 is divided by 2537.
2168
Calculate the remainder when 6341708 is divided by 33.
32
Calculate the remainder when 27491203 is divided by 15620.
3
What is the remainder when 1702612 is divided by 567475?
187
What is the remainder when 31802700 is divided by 26?
20
What is the remainder when 11529501 is divided by 823535?
11
Calculate the remainder when 389 is divided by 1.
0
What is the remainder when 2286477 is divided by 71?
64
What is the remainder when 850132 is divided by 424939?
254
Calculate the remainder when 2025725 is divided by 638.
75
What is the remainder when 3267676 is divided by 125679?
22
What is the remainder when 37524 is divided by 3490?
2624
What is the remainder when 2084 is divided by 1930?
154
Calculate the remainder when 131507 is divided by 606.
5
What is the remainder when 170395 is divided by 4403?
3081
Calculate the remainder when 10673736 is divided by 64.
8
What is the remainder when 238521423 is divided by 6052?
6051
What is the remainder when 179155 is divided by 9337?
1752
Calculate the remainder when 1575473513 is divided by 97.
95
Calculate the remainder when 4519093 is divided by 978.
733
Calculate the remainder when 234938 is divided by 1808.
1706
Calculate the remainder when 28460 is divided by 26592.
1868
What is the remainder when 5073908 is divided by 101?
72
What is the remainder when 16057754 is divided by 433987?
235
Calculate the remainder when 220085533 is divided by 187.
184
Calculate the remainder when 3471909 is divided by 128589.
6
What is the remainder when 10296383 is divided by 1128?
1127
What is the remainder when 31574748 is divided by 125?
123
Calculate the remainder when 3990270 is divided by 69.
0
Calculate the remainder when 2207481 is divided by 422.
421
Calculate the remainder when 714464 is divided by 5623.
343
What is the remainder when 10227 is divided by 10215?
12
Calculate the remainder when 19253 is divided by 6416.
5
What is the remainder when 3973517 is divided by 20377?
2
Calculate the remainder when 150736 is divided by 74041.
2654
Calculate the remainder when 84891 is divided by 49.
23
What is the remainder when 634224957 is divided by 480?
477
Calculate the remainder when 2431325 is divided by 810436.
17
Calculate the remainder when 1713043 is divided by 2251.
32
Calculate the remainder when 286952 is divided by 469.
393
Calculate the remainder when 314478 is divided by 5929.
241
What is the remainder when 740174 is divided by 9489?
32
Calculate the remainder when 408982 is divided by 209.
178
What is the remainder when 3259020 is divided by 1086313?
81
What is the remainder when 5725 is divided by 173?
16
Calculate the remainder when 710024 is divided by 95.
89
What is the remainder when 45086369 is divided by 1086?
1079
What is the remainder when 76783129 is divided by 20?
9
Calculate the remainder when 490063 is divided by 81552.
751
What is the remainder when 140448 is divided by 5201?
21
What is the remainder when 7350609 is divided by 1470121?
4
What is the remainder when 7578 is divided by 516?
354
What is the remainder when 2639050 is divided by 1628?
62
Calculate the remainder when 76863458 is divided by 135.
128
Calculate the remainder when 153273 is divided by 3066.
3039
Calculate the remainder when 5464 is divided by 3154.
2310
What is the remainder when 18142067 is divided by 9071032?
3
Calculate the remainder when 142736 is divided by 7137.
7133
What is the remainder when 139975972 is divided by 303?
274
What is the remainder when 5936917 is divided by 11641?
7
What is the remainder when 9917 is divided by 4940?
37
What is the remainder when 17612155 is divided by 15?
10
Calculate the remainder when 900716607 is divided by 11.
10
Calculate the remainder when 14373419 is divided by 14.
11
What is the remainder when 2912 is divided by 96?
32
What is the remainder when 54034943 is divided by 2798?
2765
Calculate the remainder when 2198271 is divided by 717.
666
What is the remainder when 1220066 is divided by 135548?
134
What is the remainder when 18723866 is divided by 1112?
10
Calculate the remainder when 211892 is divided by 42211.
837
What is the remainder when 45881 is divided by 81?
35
What is the remainder when 24664496 is divided by 1125?
1121
Calculate the remainder when 17862112 is divided by 4465462.
264
What is the remainder when 69145106 is divided by 42?
2
Calculate the remainder when 4174249 is divided by 39.
1
What is the remainder when 1643056 is divided by 547225?
1381
What is the remainder when 7209589 is divided by 53?
52
What is the remainder when 61887080 is divided by 701?
697
What is the remainder when 11516157 is divided by 1153?
1146
What is the remainder when 303893 is divided by 2788?
1
What is the remainder when 32804 is divided by 3293?
3167
Calculate the remainder when 12233755 is divided by 38961.
1
What is the remainder when 2985811 is divided by 580?
551
Calculate the remainder when 33186 is divided by 7352.
3778
What is the remainder when 129066949 is divided by 1336?
1333
What is the remainder when 77330 is divided by 25755?
65
What is the remainder when 139893010 is divided by 388?
386
Calculate the remainder when 1493214 is divided by 91.
86
Calculate the remainder when 1649873 is divided by 455.
43
What is the remainder when 150248 is divided by 224?
168
Calculate the remainder when 18245071 is divided by 2693.
2689
Calculate the remainder when 69431 is divided by 9606.
2189
What is the remainder when 10854707 is divided by 10854706?
1
What is the remainder when 52996 is divided by 578?
398
Calculate the remainder when 1112248 is divided by 370736.
40
What is the remainder when 100306 is divided by 49033?
2240
Calculate the remainder when 280463 is divided by 55.
18
What is the remainder when 229389352 is divided by 76?
72
Calculate the remainder when 13761009 is divided by 750.
9
Calculate the remainder when 24377488 is divided by 20.
8
What is the remainder when 686684 is divided by 1940?
1864
What is the remainder when 1004909792 is divided by 132?
128
What is the remainder when 18025485 is divided by 724?
57
What is the remainder when 150246 is divided by 2504?
6
Calculate the remainder when 190282165 is divided by 9.
7
Calculate the remainder when 3958030 is divided by 34.
22
Calculate the remainder when 9735026 is divided by 9734763.
263
What is the remainder when 261014 is divided by 43458?
266
What is the remainder when 39190224 is divided by 13063402?
18
Calculate the remainder when 16245099 is divided by 960.
939
Calculate the remainder when 141251 is divided by 7282.
2893
What is the remainder when 72545 is divided by 72437?
108
Calculate the remaind